1 and u?
117
Let o = 12538 - 11968. Calculate the greatest common factor of o and 4484.
38
Let j = 46 - 44. Suppose -3*v + 4*c - 7 = 0, 3*v - 21 = -0*v - 3*c. Let n be (j/v)/(4/138). What is the highest common factor of n and 92?
23
Let n be ((-4)/8)/(1/(-312)). Let l(z) = 3*z**2 + 29*z + 3. Suppose 2*s = -6*s - 80. Let v be l(s). What is the highest common factor of n and v?
13
Suppose q - r + 4*r - 17 = 0, -12 = -4*r. Let y(s) = 8*s**2 - 373*s + 996. Let n be y(44). What is the highest common divisor of n and q?
8
Suppose 20 = -4*f, n - 158 = f - 658. Let i = n + 935. What is the greatest common factor of 86 and i?
86
Suppose -2*m = -2*l + 246, l - 94*m - 137 = -95*m. Calculate the greatest common factor of l and 221.
13
Let c(n) = -6 + 7*n + 3 + 1 - n**2. Let o be c(3). Suppose -3281*u + 9760 = -3415*u + 18280 + 16940. Calculate the greatest common divisor of o and u.
10
Suppose -2 = u + 3, 4*j - 3*u = 123. Suppose 4*g + q = 212, 5*q = -j + 7. Calculate the highest common divisor of g and 108.
54
Suppose 0 = 27*q - 158 + 374. Let x(t) = 2*t**2 - 8*t - 39. Let o be x(q). What is the greatest common factor of 34 and o?
17
Suppose 0 = 4*b + 4*s - 2*s - 64, 2*b + 5*s - 16 = 0. Suppose 142 = -13*f + 571. Suppose 0 = z - f - 3. What is the greatest common divisor of z and b?
18
Suppose 11*g = 8243 + 4594. Calculate the greatest common factor of g and 6.
3
Let m(o) = o**2 + 3*o - 1. Let d be m(2). Let s = 8 + d. Suppose 4*g = -3*n - g + s, 4*n - 5*g = 46. Calculate the greatest common divisor of 72 and n.
9
Suppose -2*m - 3*z + 352 = 0, 5*m + 4*z - 1019 = -125. What is the highest common factor of 350 and m?
14
Suppose 0 = 76*m - 908 - 3348. Calculate the greatest common factor of m and 329.
7
Suppose -12 = -8*o + 4. Suppose 0 = -y + o*m, m = 2*y - 7*y + 55. Let z be (24/(-18))/(1 - 51/45). What is the greatest common factor of z and y?
10
Let u be 21/9 + 8/12. Let m(h) = -3*h - 19. Let k(s) = 5*s + 28. Let z(a) = -5*k(a) - 8*m(a). Let p be z(9). Calculate the greatest common factor of u and p.
3
Let b(p) = p + 27. Let l be (14/3)/(28/(-42)). Let d be b(l). Let j be ((-8)/d)/(2/(-100)). What is the greatest common factor of 260 and j?
20
Let b(a) = 26*a**2 - 12*a - 29. Let i be b(-6). What is the highest common divisor of i and 11?
11
Suppose -5*h = 3*j - 327, 0 = 2*h - 6*h - j + 263. Let l = 107 - h. Suppose 0 = -2*t + 275 - l. Calculate the greatest common divisor of t and 78.
39
Let g be (2/(-4))/((-12)/(-37512)). Let u be (-2)/(-12) - g/18. What is the greatest common divisor of 29 and u?
29
Let c = -473 + 479. Let q be (c/(-9))/(1*(-4)/54). What is the greatest common divisor of q and 99?
9
Let l be (96*5)/8*(3 - 2). Let t be (-590)/l*-2 - 1/(-3). What is the highest common divisor of t and 20?
20
Let y(f) = 2*f**3 + 35*f**2 + 40*f - 30. Let r be y(-16). What is the greatest common divisor of 10 and r?
2
Suppose 4*y + 12 + 0 = 0, -v = -2*y - 72. Suppose -2*d + v = -24. Suppose 3350*m + 2520 = 3406*m. What is the greatest common factor of m and d?
45
Let h(o) = 10*o**2 + 5816 - 5806 + 156*o - 26*o. Let d be h(-13). What is the greatest common factor of 250 and d?
10
Let h = 6767 - 6254. What is the greatest common divisor of h and 703?
19
Suppose -2*p + 3*p + 2 = 0. Let r be (p - (3 + 3))*(-5 + 1). What is the highest common divisor of r and 16?
16
Let h be (-400)/14 - ((-190)/(-35) + -6). Suppose 5*k - 5*s + 225 = 0, -31 = 4*k - 2*s + 147. Let y = h - k. What is the greatest common factor of 112 and y?
16
Suppose -t + 6 = 5. Let n(p) = p**2 + 9*p - 1. Let m be n(-8). Let r = 11 + m. Calculate the greatest common factor of t and r.
1
Let j(o) = 48*o**2 + 7*o + 24. Let q be j(-5). Let c be (-72)/(-96) - (-3)/((-48)/(-644)). What is the highest common factor of c and q?
41
Let s(w) = -3*w**2 - 10*w - 3. Let q be s(-2). Suppose -7 = 2*y - 3, -y + 1153 = q*h. What is the greatest common divisor of h and 21?
21
Let o be (-302490)/(-36) - (-195)/(-52)*4/(-6). What is the greatest common divisor of 41 and o?
41
Let n(r) = 100*r**2 - r. Let f be n(1). Let j = -78 - -81. Let q be 11 + (j + -4 - 1). What is the greatest common factor of q and f?
9
Suppose -9 = -2*b - 3. Suppose -7*d = -b*d - 196. Suppose -1 + d = 8*f. What is the highest common factor of f and 78?
6
Let j(w) = w**2 + 3*w - 26. Let c be j(-6). Let l be ((-44)/16)/(c/96). What is the highest common factor of l and 143?
11
Suppose 7*q - 478 + 216 = 564. What is the greatest common divisor of 590 and q?
118
Let k(b) = 62*b**2 + 205*b + 11. Let a be k(9). Calculate the highest common factor of 38 and a.
38
Let h be 105 + (1 + -1 - 0). Suppose 0 = 355*u - 702*u + 350*u + 36, 144 = 4*a - 5*u. Calculate the greatest common divisor of h and a.
21
Let y(j) be the second derivative of -j**5/20 + 2*j**4/3 - 3*j**3/2 + 19*j**2 + 31*j. Let s be y(7). What is the greatest common divisor of 168 and s?
24
Let b = -3314 - -3504. Calculate the highest common factor of 665 and b.
95
Suppose 0 = -9*w - 3*w + 3360. Suppose 0*j - 5*j + w = 0. Suppose -d + 14 = -0*d. What is the greatest common divisor of j and d?
14
Suppose 8*r = 2*r + 102. Let g be ((-92820)/(-2275))/(1/30). What is the highest common factor of g and r?
17
Let y be (-458833)/(-1852) + (-3)/4. Suppose -5*a + 44 = 3*t, 4*t - t + 2*a - 41 = 0. Calculate the greatest common divisor of y and t.
13
Suppose 14*q - b - 46 = 13*q, 3*b = -4*q + 198. Let z = q - -20. What is the greatest common factor of 17 and z?
17
Suppose 3*f + 1 = -2*f + 2*i, 0 = 2*f - 4*i - 6. Let b be f - ((-398)/(-8) - 3/(-12)). Let q = b - -131. What is the greatest common factor of q and 10?
10
Let r = 7278 - 1562. Calculate the highest common divisor of 4 and r.
4
Let x = -18 - -53. Suppose -5*i + 3*u - 6 = 0, -5*i - 1 - 2 = -4*u. Let p be -2 + i/3 + (-60)/(-6). What is the greatest common factor of x and p?
7
Let m(n) be the first derivative of -1/4*n**4 + 11*n + 20 + 1/2*n**2 - 7/3*n**3. Let t be m(-7). What is the highest common factor of t and 8?
4
Suppose 0 = 21*o - 17*o - 48. Suppose -14 = -10*w + 8*w. Suppose w*g - 666 = 6. Calculate the greatest common divisor of g and o.
12
Suppose 0 = -43*w + 38*w + 20. Let d(i) = -i**3 + i**2 - 2*i + 12. Let x be d(0). Suppose -z + x = -0*z. What is the greatest common divisor of z and w?
4
Suppose c - 262*f = -260*f + 612, 5*f = c - 630. Calculate the highest common divisor of c and 45.
15
Suppose -278*o + 275*o + 3494 = -5*m, 3*o = m + 3514. Calculate the greatest common factor of 51 and o.
51
Let s(y) = y**2 - 10*y + 10. Let z be s(10). Let x be 908/7 + 0 - (-120)/420. What is the greatest common divisor of x and z?
10
Let w = -18 + 36. Suppose -55 + 59 = -2*u. Let g be 2 + -7 + (57 - u). What is the greatest common divisor of g and w?
18
Suppose 74*n - 93012 = 29*n + 22*n. Calculate the highest common factor of n and 12.
12
Let k(w) = -12*w + 243. Let n be k(20). Let j be (2 + n + -9)*25/(-4). Calculate the highest common factor of 85 and j.
5
Let g be (0 - (-8932)/12) + (-9)/27. Suppose p - 33 = 3*z, -5*p - 5*z - 54 + 159 = 0. Calculate the highest common factor of g and p.
24
Let x = -487 - -565. Suppose 6*l - 246 + x = 0. Let p(u) = u**2 - 3*u - 3. Let t be p(5). Calculate the greatest common divisor of t and l.
7
Let s(m) be the first derivative of m**4/4 + 2*m**3 - 20*m - 30. Let o = 47 - 52. Let w be s(o). What is the greatest common divisor of 3 and w?
1
Suppose 7*h - 70 = 2*h + 5*q, -5*h - 5*q = -60. Suppose h*n + 10 = 23*n. Calculate the highest common divisor of 50 and n.
1
Let v(x) = -122*x - 96. Let z be v(-2). Calculate the greatest common factor of z and 3182.
74
Let l = 110 - 99. Suppose -l*a = 42*a - 1908. What is the highest common factor of a and 144?
36
Let h = 7119 + -6939. What is the highest common factor of 495 and h?
45
Let l(k) = 2*k**2 - 8*k - 3. Let t be l(6). Let n be (-2266)/(-44)*(15 - -1). Let u = -782 + n. What is the highest common factor of t and u?
21
Suppose -v + 11886 = c, 0 = -4*c - v + 30120 + 17448. What is the greatest common divisor of 38 and c?
38
Let l be 32 + -42*17/51. Suppose -3*m + 135 = -0*m. What is the greatest common factor of m and l?
9
Let f(x) = 40*x + 2369. Let o be f(22). Calculate the highest common factor of 513 and o.
171
Let s = -170 - -172. Suppose -t + s*t + d 